{"id":183,"date":"2023-04-27T23:33:45","date_gmt":"2023-04-27T23:33:45","guid":{"rendered":"https:\/\/segurosperu.pe\/?page_id=183"},"modified":"2023-04-27T23:34:05","modified_gmt":"2023-04-27T23:34:05","slug":"acerca-de","status":"publish","type":"page","link":"https:\/\/segurosperu.pe\/?page_id=183","title":{"rendered":"Acerca de"},"content":{"rendered":"<p>[et_pb_section fb_built=\u00bb1&#8243; admin_label=\u00bbHero section\u00bb _builder_version=\u00bb4.16&#8243; background_image=\u00bbhttps:\/\/segurosperu.pe\/wp-content\/uploads\/2023\/04\/bg-acerca-de-nosotros3.jpg\u00bb parallax=\u00bbon\u00bb custom_margin=\u00bb|||\u00bb custom_padding=\u00bb5%||5%||false|false\u00bb global_colors_info=\u00bb{}\u00bb theme_builder_area=\u00bbpost_content\u00bb][et_pb_row _builder_version=\u00bb4.16&#8243; custom_margin=\u00bb|||\u00bb global_colors_info=\u00bb{}\u00bb theme_builder_area=\u00bbpost_content\u00bb][et_pb_column type=\u00bb4_4&#8243; _builder_version=\u00bb4.16&#8243; custom_padding=\u00bb1px|||\u00bb global_colors_info=\u00bb{}\u00bb custom_padding__hover=\u00bb|||\u00bb theme_builder_area=\u00bbpost_content\u00bb][et_pb_text _builder_version=\u00bb4.16&#8243; text_font=\u00bbLato||||||||\u00bb text_font_size=\u00bb20px\u00bb text_line_height=\u00bb1.8em\u00bb header_font=\u00bbLato|900|||||||\u00bb header_font_size=\u00bb80px\u00bb header_letter_spacing=\u00bb2px\u00bb header_line_height=\u00bb1.2em\u00bb background_layout=\u00bbdark\u00bb animation_style=\u00bbslide\u00bb header_font_size_tablet=\u00bb46px\u00bb header_font_size_phone=\u00bb\u00bb header_font_size_last_edited=\u00bbon|tablet\u00bb text_text_shadow_style=\u00bbpreset2&#8243; global_colors_info=\u00bb{}\u00bb theme_builder_area=\u00bbpost_content\u00bb]<\/p>\n<h1>Acerca de Nosotros<\/h1>\n<p>[\/et_pb_text][\/et_pb_column][\/et_pb_row][\/et_pb_section][et_pb_section fb_built=\u00bb1&#8243; admin_label=\u00bbFeatures Section\u00bb _builder_version=\u00bb4.20.1&#8243; background_color=\u00bbrgba(0,0,0,0.03)\u00bb custom_padding=\u00bb25px|0px|100px|0px|false|false\u00bb hover_enabled=\u00bb0&#8243; global_colors_info=\u00bb{}\u00bb theme_builder_area=\u00bbpost_content\u00bb sticky_enabled=\u00bb0&#8243;][et_pb_row column_structure=\u00bb1_2,1_2&#8243; admin_label=\u00bbOnline Learning\u00bb _builder_version=\u00bb4.16&#8243; background_size=\u00bbinitial\u00bb background_position=\u00bbtop_left\u00bb background_repeat=\u00bbrepeat\u00bb custom_padding=\u00bb50px|0px|25px|0px|false|false\u00bb global_colors_info=\u00bb{}\u00bb theme_builder_area=\u00bbpost_content\u00bb][et_pb_column type=\u00bb1_2&#8243; _builder_version=\u00bb4.16&#8243; custom_padding=\u00bb|||\u00bb global_colors_info=\u00bb{}\u00bb custom_padding__hover=\u00bb|||\u00bb theme_builder_area=\u00bbpost_content\u00bb][et_pb_text _builder_version=\u00bb4.16&#8243; text_font=\u00bb||||||||\u00bb text_text_color=\u00bb#E02B20&#8243; header_2_font=\u00bb|700|||||||\u00bb header_2_text_color=\u00bb#7272ff\u00bb header_2_font_size=\u00bb36px\u00bb header_2_line_height=\u00bb1.3em\u00bb background_size=\u00bbinitial\u00bb background_position=\u00bbtop_left\u00bb background_repeat=\u00bbrepeat\u00bb custom_margin=\u00bb||20px|\u00bb animation_style=\u00bbslide\u00bb animation_direction=\u00bbbottom\u00bb animation_intensity_slide=\u00bb10%\u00bb locked=\u00bboff\u00bb global_colors_info=\u00bb{}\u00bb header_font_size__hover=\u00bb30px\u00bb header_font_size__hover_enabled=\u00bb30px\u00bb header_letter_spacing__hover=\u00bb0px\u00bb header_letter_spacing__hover_enabled=\u00bb0px\u00bb header_text_shadow_style__hover=\u00bbnone\u00bb header_text_shadow_style__hover_enabled=\u00bbnone\u00bb header_text_shadow_color__hover=\u00bbrgba(0,0,0,0.4)\u00bb header_text_shadow_color__hover_enabled=\u00bbrgba(0,0,0,0.4)\u00bb theme_builder_area=\u00bbpost_content\u00bb]<\/p>\n<h1><span style=\"color: #003366;\"><strong>Acerca de Nosotros<\/strong><\/span><\/h1>\n<p>[\/et_pb_text][et_pb_text _builder_version=\u00bb4.16&#8243; text_font=\u00bb||||||||\u00bb text_text_color=\u00bb#8585bd\u00bb text_font_size=\u00bb16px\u00bb text_line_height=\u00bb1.9em\u00bb header_font=\u00bb||||||||\u00bb header_4_font=\u00bb|700|||||||\u00bb header_4_font_size=\u00bb16px\u00bb header_4_line_height=\u00bb1.9em\u00bb custom_padding=\u00bb||0px|||\u00bb animation_style=\u00bbzoom\u00bb animation_intensity_zoom=\u00bb6%\u00bb locked=\u00bboff\u00bb global_colors_info=\u00bb{}\u00bb theme_builder_area=\u00bbpost_content\u00bb]<\/p>\n<p style=\"text-align: justify;\"><span style=\"color: #003300;\">Somos Corredores de\u00a0 Seguros Personales y Generales. Trabajamos con todas las Compa\u00f1\u00edas de Seguros para brindarles las diversas opciones del mercado asegurador.<\/span><\/p>\n<p style=\"text-align: justify;\"><span style=\"color: #003300;\">Nuestro compromiso es asesorarlos y guiarlos para que puedan tomar la mejor decisi\u00f3n de acuerdo a sus necesidades<\/span><\/p>\n<p style=\"text-align: justify;\"><span style=\"color: #003300;\">Gestionar una buena suscripci\u00f3n, solicitar las diversas modificaciones en las p\u00f3lizas, presentar la documentaci\u00f3n correspondiente para solicitar la cobertura del seguro en caso de siniestro, presentar reclamos y velar por que se resuelvan.<\/span><strong><span style=\"color: #003300;\"><br \/><\/span><\/strong><\/p>\n<p>[\/et_pb_text][\/et_pb_column][et_pb_column type=\u00bb1_2&#8243; _builder_version=\u00bb4.16&#8243; custom_padding=\u00bb|||\u00bb global_colors_info=\u00bb{}\u00bb custom_padding__hover=\u00bb|||\u00bb theme_builder_area=\u00bbpost_content\u00bb][et_pb_image src=\u00bbhttps:\/\/segurosperu.pe\/wp-content\/uploads\/2023\/04\/bg-nosotros.jpg\u00bb alt=\u00bbAcerca de Nosotros\u00bb title_text=\u00bbAcerca de Nosotros\u00bb _builder_version=\u00bb4.16&#8243; _module_preset=\u00bbdefault\u00bb border_radii=\u00bbon|25px|25px|25px|25px\u00bb global_colors_info=\u00bb{}\u00bb theme_builder_area=\u00bbpost_content\u00bb][\/et_pb_image][\/et_pb_column][\/et_pb_row][et_pb_row column_structure=\u00bb1_2,1_2&#8243; admin_label=\u00bbOnline Learning\u00bb _builder_version=\u00bb4.16&#8243; background_size=\u00bbinitial\u00bb background_position=\u00bbtop_left\u00bb background_repeat=\u00bbrepeat\u00bb custom_padding=\u00bb51px|0px|25px|0px|false|false\u00bb global_colors_info=\u00bb{}\u00bb theme_builder_area=\u00bbpost_content\u00bb][et_pb_column type=\u00bb1_2&#8243; _builder_version=\u00bb4.16&#8243; custom_padding=\u00bb|||\u00bb global_colors_info=\u00bb{}\u00bb custom_padding__hover=\u00bb|||\u00bb theme_builder_area=\u00bbpost_content\u00bb][et_pb_image src=\u00bbhttps:\/\/segurosperu.pe\/wp-content\/uploads\/2023\/04\/bg-nosotros2.jpg\u00bb alt=\u00bbAcerca de Nosotros\u00bb title_text=\u00bbAcerca de Nosotros\u00bb align_tablet=\u00bbcenter\u00bb align_phone=\u00bb\u00bb align_last_edited=\u00bbon|desktop\u00bb _builder_version=\u00bb4.16&#8243; module_alignment=\u00bbcenter\u00bb animation_style=\u00bbzoom\u00bb animation_direction=\u00bbleft\u00bb animation_delay=\u00bb100ms\u00bb animation_intensity_zoom=\u00bb20%\u00bb border_radii=\u00bbon|25px|25px|25px|25px\u00bb global_colors_info=\u00bb{}\u00bb theme_builder_area=\u00bbpost_content\u00bb][\/et_pb_image][\/et_pb_column][et_pb_column type=\u00bb1_2&#8243; _builder_version=\u00bb4.16&#8243; custom_padding=\u00bb|||\u00bb global_colors_info=\u00bb{}\u00bb custom_padding__hover=\u00bb|||\u00bb theme_builder_area=\u00bbpost_content\u00bb][et_pb_text _builder_version=\u00bb4.16&#8243; text_font=\u00bb||||||||\u00bb text_text_color=\u00bb#8585bd\u00bb text_font_size=\u00bb16px\u00bb text_line_height=\u00bb1.9em\u00bb header_font=\u00bb||||||||\u00bb header_4_font=\u00bb|700|||||||\u00bb header_4_font_size=\u00bb16px\u00bb header_4_line_height=\u00bb1.9em\u00bb custom_padding=\u00bb||0px|||\u00bb animation_style=\u00bbzoom\u00bb animation_intensity_zoom=\u00bb6%\u00bb locked=\u00bboff\u00bb global_colors_info=\u00bb{}\u00bb theme_builder_area=\u00bbpost_content\u00bb]<\/p>\n<p style=\"text-align: justify;\"><span style=\"color: #003300;\">Perm\u00edtanos resolver todo lo concerniente a sus seguros para que ahorren tiempo y dinero. <\/span><\/p>\n<p style=\"text-align: justify;\"><span style=\"color: #003300;\">Buscamos la mejor opci\u00f3n con las mejores tasas.<\/span><\/p>\n<p style=\"text-align: justify;\"><span style=\"color: #003300;\">Sabemos que su tiempo es valioso, por lo cual los atenderemos con rapidez y esmero. Trabajamos para que ustedes tengan menos preocupaciones y m\u00e1s tiempo para que puedan alcanzar sus metas.<\/span><\/p>\n<p>[\/et_pb_text][\/et_pb_column][\/et_pb_row][\/et_pb_section]<\/p>\n","protected":false},"excerpt":{"rendered":"<p>Acerca de NosotrosAcerca de NosotrosSomos Corredores de\u00a0 Seguros Personales y Generales. Trabajamos con todas las Compa\u00f1\u00edas de Seguros para brindarles las diversas opciones del mercado asegurador. Nuestro compromiso es asesorarlos y guiarlos para que puedan tomar la mejor decisi\u00f3n de acuerdo a sus necesidades Gestionar una buena suscripci\u00f3n, solicitar las diversas modificaciones en las p\u00f3lizas, [&hellip;]<\/p>\n","protected":false},"author":1,"featured_media":0,"parent":0,"menu_order":0,"comment_status":"closed","ping_status":"closed","template":"","meta":{"_et_pb_use_builder":"on","_et_pb_old_content":"","_et_gb_content_width":"","_themeisle_gutenberg_block_has_review":false,"footnotes":""},"class_list":["post-183","page","type-page","status-publish","hentry"],"yoast_head":"<!-- This site is optimized with the Yoast SEO plugin v25.9 - https:\/\/yoast.com\/wordpress\/plugins\/seo\/ -->\n<title>Acerca de - Seguros Per\u00fa<\/title>\n<meta name=\"robots\" content=\"index, follow, max-snippet:-1, max-image-preview:large, max-video-preview:-1\" \/>\n<link rel=\"canonical\" href=\"https:\/\/segurosperu.pe\/?page_id=183\" \/>\n<meta property=\"og:locale\" content=\"es_ES\" \/>\n<meta property=\"og:type\" content=\"article\" \/>\n<meta property=\"og:title\" content=\"Acerca de - Seguros Per\u00fa\" \/>\n<meta property=\"og:description\" content=\"Acerca de NosotrosAcerca de NosotrosSomos Corredores de\u00a0 Seguros Personales y Generales. Trabajamos con todas las Compa\u00f1\u00edas de Seguros para brindarles las diversas opciones del mercado asegurador. Nuestro compromiso es asesorarlos y guiarlos para que puedan tomar la mejor decisi\u00f3n de acuerdo a sus necesidades Gestionar una buena suscripci\u00f3n, solicitar las diversas modificaciones en las p\u00f3lizas, [&hellip;]\" \/>\n<meta property=\"og:url\" content=\"https:\/\/segurosperu.pe\/?page_id=183\" \/>\n<meta property=\"og:site_name\" content=\"Seguros Per\u00fa\" \/>\n<meta property=\"article:modified_time\" content=\"2023-04-27T23:34:05+00:00\" \/>\n<meta property=\"og:image\" content=\"https:\/\/segurosperu.pe\/wp-content\/uploads\/2023\/04\/cropped-logo-seguros-icon.png\" \/>\n\t<meta property=\"og:image:width\" content=\"512\" \/>\n\t<meta property=\"og:image:height\" content=\"512\" \/>\n\t<meta property=\"og:image:type\" content=\"image\/png\" \/>\n<meta name=\"twitter:card\" content=\"summary_large_image\" \/>\n<meta name=\"twitter:label1\" content=\"Tiempo de lectura\" \/>\n\t<meta name=\"twitter:data1\" content=\"4 minutos\" \/>\n<script type=\"application\/ld+json\" class=\"yoast-schema-graph\">{\"@context\":\"https:\/\/schema.org\",\"@graph\":[{\"@type\":\"WebPage\",\"@id\":\"https:\/\/segurosperu.pe\/?page_id=183\",\"url\":\"https:\/\/segurosperu.pe\/?page_id=183\",\"name\":\"Acerca de - Seguros Per\u00fa\",\"isPartOf\":{\"@id\":\"https:\/\/segurosperu.pe\/#website\"},\"datePublished\":\"2023-04-27T23:33:45+00:00\",\"dateModified\":\"2023-04-27T23:34:05+00:00\",\"breadcrumb\":{\"@id\":\"https:\/\/segurosperu.pe\/?page_id=183#breadcrumb\"},\"inLanguage\":\"es\",\"potentialAction\":[{\"@type\":\"ReadAction\",\"target\":[\"https:\/\/segurosperu.pe\/?page_id=183\"]}]},{\"@type\":\"BreadcrumbList\",\"@id\":\"https:\/\/segurosperu.pe\/?page_id=183#breadcrumb\",\"itemListElement\":[{\"@type\":\"ListItem\",\"position\":1,\"name\":\"Portada\",\"item\":\"https:\/\/segurosperu.pe\/\"},{\"@type\":\"ListItem\",\"position\":2,\"name\":\"Acerca de\"}]},{\"@type\":\"WebSite\",\"@id\":\"https:\/\/segurosperu.pe\/#website\",\"url\":\"https:\/\/segurosperu.pe\/\",\"name\":\"Seguros Per\u00fa\",\"description\":\"\",\"publisher\":{\"@id\":\"https:\/\/segurosperu.pe\/#organization\"},\"potentialAction\":[{\"@type\":\"SearchAction\",\"target\":{\"@type\":\"EntryPoint\",\"urlTemplate\":\"https:\/\/segurosperu.pe\/?s={search_term_string}\"},\"query-input\":{\"@type\":\"PropertyValueSpecification\",\"valueRequired\":true,\"valueName\":\"search_term_string\"}}],\"inLanguage\":\"es\"},{\"@type\":\"Organization\",\"@id\":\"https:\/\/segurosperu.pe\/#organization\",\"name\":\"Seguros Per\u00fa\",\"url\":\"https:\/\/segurosperu.pe\/\",\"logo\":{\"@type\":\"ImageObject\",\"inLanguage\":\"es\",\"@id\":\"https:\/\/segurosperu.pe\/#\/schema\/logo\/image\/\",\"url\":\"https:\/\/segurosperu.pe\/wp-content\/uploads\/2023\/04\/cropped-logo-seguros-icon.png\",\"contentUrl\":\"https:\/\/segurosperu.pe\/wp-content\/uploads\/2023\/04\/cropped-logo-seguros-icon.png\",\"width\":512,\"height\":512,\"caption\":\"Seguros Per\u00fa\"},\"image\":{\"@id\":\"https:\/\/segurosperu.pe\/#\/schema\/logo\/image\/\"}}]}<\/script>\n<!-- \/ Yoast SEO plugin. -->","yoast_head_json":{"title":"Acerca de - Seguros Per\u00fa","robots":{"index":"index","follow":"follow","max-snippet":"max-snippet:-1","max-image-preview":"max-image-preview:large","max-video-preview":"max-video-preview:-1"},"canonical":"https:\/\/segurosperu.pe\/?page_id=183","og_locale":"es_ES","og_type":"article","og_title":"Acerca de - Seguros Per\u00fa","og_description":"Acerca de NosotrosAcerca de NosotrosSomos Corredores de\u00a0 Seguros Personales y Generales. Trabajamos con todas las Compa\u00f1\u00edas de Seguros para brindarles las diversas opciones del mercado asegurador. Nuestro compromiso es asesorarlos y guiarlos para que puedan tomar la mejor decisi\u00f3n de acuerdo a sus necesidades Gestionar una buena suscripci\u00f3n, solicitar las diversas modificaciones en las p\u00f3lizas, [&hellip;]","og_url":"https:\/\/segurosperu.pe\/?page_id=183","og_site_name":"Seguros Per\u00fa","article_modified_time":"2023-04-27T23:34:05+00:00","og_image":[{"width":512,"height":512,"url":"https:\/\/segurosperu.pe\/wp-content\/uploads\/2023\/04\/cropped-logo-seguros-icon.png","type":"image\/png"}],"twitter_card":"summary_large_image","twitter_misc":{"Tiempo de lectura":"4 minutos"},"schema":{"@context":"https:\/\/schema.org","@graph":[{"@type":"WebPage","@id":"https:\/\/segurosperu.pe\/?page_id=183","url":"https:\/\/segurosperu.pe\/?page_id=183","name":"Acerca de - Seguros Per\u00fa","isPartOf":{"@id":"https:\/\/segurosperu.pe\/#website"},"datePublished":"2023-04-27T23:33:45+00:00","dateModified":"2023-04-27T23:34:05+00:00","breadcrumb":{"@id":"https:\/\/segurosperu.pe\/?page_id=183#breadcrumb"},"inLanguage":"es","potentialAction":[{"@type":"ReadAction","target":["https:\/\/segurosperu.pe\/?page_id=183"]}]},{"@type":"BreadcrumbList","@id":"https:\/\/segurosperu.pe\/?page_id=183#breadcrumb","itemListElement":[{"@type":"ListItem","position":1,"name":"Portada","item":"https:\/\/segurosperu.pe\/"},{"@type":"ListItem","position":2,"name":"Acerca de"}]},{"@type":"WebSite","@id":"https:\/\/segurosperu.pe\/#website","url":"https:\/\/segurosperu.pe\/","name":"Seguros Per\u00fa","description":"","publisher":{"@id":"https:\/\/segurosperu.pe\/#organization"},"potentialAction":[{"@type":"SearchAction","target":{"@type":"EntryPoint","urlTemplate":"https:\/\/segurosperu.pe\/?s={search_term_string}"},"query-input":{"@type":"PropertyValueSpecification","valueRequired":true,"valueName":"search_term_string"}}],"inLanguage":"es"},{"@type":"Organization","@id":"https:\/\/segurosperu.pe\/#organization","name":"Seguros Per\u00fa","url":"https:\/\/segurosperu.pe\/","logo":{"@type":"ImageObject","inLanguage":"es","@id":"https:\/\/segurosperu.pe\/#\/schema\/logo\/image\/","url":"https:\/\/segurosperu.pe\/wp-content\/uploads\/2023\/04\/cropped-logo-seguros-icon.png","contentUrl":"https:\/\/segurosperu.pe\/wp-content\/uploads\/2023\/04\/cropped-logo-seguros-icon.png","width":512,"height":512,"caption":"Seguros Per\u00fa"},"image":{"@id":"https:\/\/segurosperu.pe\/#\/schema\/logo\/image\/"}}]}},"_links":{"self":[{"href":"https:\/\/segurosperu.pe\/index.php?rest_route=\/wp\/v2\/pages\/183","targetHints":{"allow":["GET"]}}],"collection":[{"href":"https:\/\/segurosperu.pe\/index.php?rest_route=\/wp\/v2\/pages"}],"about":[{"href":"https:\/\/segurosperu.pe\/index.php?rest_route=\/wp\/v2\/types\/page"}],"author":[{"embeddable":true,"href":"https:\/\/segurosperu.pe\/index.php?rest_route=\/wp\/v2\/users\/1"}],"replies":[{"embeddable":true,"href":"https:\/\/segurosperu.pe\/index.php?rest_route=%2Fwp%2Fv2%2Fcomments&post=183"}],"version-history":[{"count":3,"href":"https:\/\/segurosperu.pe\/index.php?rest_route=\/wp\/v2\/pages\/183\/revisions"}],"predecessor-version":[{"id":191,"href":"https:\/\/segurosperu.pe\/index.php?rest_route=\/wp\/v2\/pages\/183\/revisions\/191"}],"wp:attachment":[{"href":"https:\/\/segurosperu.pe\/index.php?rest_route=%2Fwp%2Fv2%2Fmedia&parent=183"}],"curies":[{"name":"wp","href":"https:\/\/api.w.org\/{rel}","templated":true}]}}